
1
Suppose 406 = 4*v - 4*z + z, -496 = -5*v - 2*z. Let d = -21 + v. What is the tens digit of d?
7
Suppose -z + 33 = 4*l, -5 = 5*l - 2*z - 30. What is the tens digit of (13 - 3)/(2/l)?
3
Suppose -24 = 2*g + g. Let h = 49 + g. What is the units digit of h?
1
Suppose -5*z - 4*i + 272 + 1373 = 0, 0 = 5*i. What is the units digit of z?
9
Suppose 2*d - 325 - 412 = -3*p, -p = -d - 254. What is the tens digit of p?
4
Suppose g + y - 1230 = 0, -18*y - 6195 = -5*g - 14*y. What is the units digit of g?
5
Let k(h) = 3*h**3 + 59*h**2 - 82*h + 107. Let v(n) = n**3 + 20*n**2 - 27*n + 36. Let s(u) = -2*k(u) + 7*v(u). What is the tens digit of s(-23)?
8
Let q(m) = -15*m - 20. Suppose 5*n + 41 = -4*c, 13 = 5*n - 2. What is the units digit of q(c)?
0
Suppose 32 - 127 = -19*t. Suppose t*c = 1356 - 396. What is the units digit of c?
2
Suppose -134*z = -138*z + 1964. What is the tens digit of z?
9
What is the units digit of 9832/((5 + -3)*2)?
8
Let u(z) = z**3 - 4*z**2 + 2. Let f be u(4). Let l be ((-7)/f + 3)*-80. What is the units digit of ((-48)/10)/((-6)/l)?
2
Suppose k - 2*w = 1670, 1337 = 2*k + 5*w - 2030. What is the thousands digit of k?
1
Let m(t) = -t**2 - 9*t + 5. Let z be m(-9). Suppose -16 = z*y - 271. What is the tens digit of y?
5
Let b(v) = -2*v**3 - 3*v**2 + 1. Let q be b(-2). Let l = 7 - q. Suppose -l*j - 3*o + 67 = 0, -4*o - 2 = -j + 4. What is the units digit of j?
6
What is the tens digit of (-4)/((-108)/6513) + (-18)/81?
4
Let z = 25 - 20. Let a(y) = -y**2 + 8*y - 12. Let f be a(z). Suppose 5*q - 12 = q, f*i - 2*q = 48. What is the tens digit of i?
1
Suppose 5 = 5*d + 125. What is the units digit of d/(-11) + -2 - 854/(-22)?
9
Let s(i) = i**3 - 4*i**2 - 3*i + 11. Let d be -2*2*(7 + 99/(-12)). What is the tens digit of s(d)?
2
Suppose 51*j + 60 = 46*j. What is the hundreds digit of (-4)/((j/(-3))/2) - -121?
1
Let f(h) = 27*h + 458. What is the hundreds digit of f(18)?
9
Let i(c) = 2*c**2 + 15*c + 18. What is the units digit of i(14)?
0
Let g = -52 + 32. Let f be 0/1 + g - 2. Let t = f - -28. What is the units digit of t?
6
Let s(a) = -a**3 + a - 10. Let m be s(0). What is the tens digit of 104/10*(-1 - (m + 4))?
5
Suppose -69 = 2*c - 353. Suppose -3*i + 2*j = -i - c, -i - j = -65. Suppose 0 = -5*w + 5*l + 260, 3*l = -4*w + 262 - i. What is the tens digit of w?
5
Let x(i) = -5*i**2 - 5*i**2 - 2*i**2 + 12*i - i**3 + 0*i**2 - 13. Let z be x(-13). Let l = 4 + z. What is the units digit of l?
4
Let p be (3 + -4 + -1)*3. Let q = -10 - p. Let f = q + 6. What is the units digit of f?
2
Suppose -i + 3628 = 4*i + 4*h, 2*i = 2*h + 1444. What is the units digit of i?
4
Suppose -10 - 19 = -b. Let g = 34 - b. What is the units digit of g?
5
Let g = 23 - -10. Suppose 30*l + 525 = g*l. What is the units digit of l?
5
What is the units digit of ((-1340)/2 + -5)*-1?
5
Let x(n) = -7*n - 9. Let i be x(-5). Suppose r = 2*r - i. Suppose z + z = r. What is the units digit of z?
3
Let r = 1921 + 998. What is the thousands digit of r?
2
Let o(f) = -1 - 1 + 3 + f**2 + 4*f - 2. Let m be o(-5). What is the units digit of (m/4 + 3)*4?
6
Suppose 4*i = 2*i + 3*h + 37, -i = -5*h - 29. What is the tens digit of (-181)/(-6) + i/(-84)?
3
Let c(g) = -30*g**2 - g + 1. Let q(n) = -29*n**2 - n + 1. Let u(k) = 3*c(k) - 4*q(k). Suppose -12*j + 29*j = 17. What is the tens digit of u(j)?
2
Suppose -i + 8 = -q, 5*i - 3*q = 3 + 43. Suppose -10 - 3 = 5*z + 2*v, 0 = 3*z - 2*v + i. Let w = z - -25. What is the tens digit of w?
2
Let j(z) be the third derivative of z**5/60 - 7*z**4/24 + 10*z**3/3 + 28*z**2. What is the tens digit of j(11)?
6
Let p(w) = 2*w - 7. Let z(x) = -4*x + 13. Let h(t) = 7*p(t) + 4*z(t). What is the tens digit of h(-7)?
1
Let p = -3 + 5. Suppose -n + 3*n = p*q - 46, 5*n + 39 = q. What is the tens digit of q?
1
Suppose -3*c - 5*w = -333, -c - 203 = -3*c + 3*w. Suppose -5*d - c = 4*g - 379, -4*d - 3*g + 219 = 0. What is the units digit of d?
7
Let f(b) = 5*b**2 + b**2 - 4*b - 2*b**3 + b**3. Let q be (4 - 4/2) + (-2)/(-1). What is the units digit of f(q)?
6
Let f(c) = -3*c + 7. Let b(s) = s**3 - 3*s**2 - 12*s + 7. Let t be b(5). Let o be f(t). Let j = o - 14. What is the units digit of j?
2
Let y(l) = 54*l**3 - l + 2. Let c be y(1). Suppose 3*u = 5*k + 41, 5*u + 7*k - 2*k - c = 0. What is the units digit of (-204)/(-16) + 3/u?
3
Suppose -15420 = -5*p - 5*c, -p + 5*p - 12316 = c. What is the units digit of p?
0
Let n = -2 + -2. Let c be 42/(-28) + (-6)/n. Suppose -5*w - 5*r + 35 = c, 3*r = 2*w - 4*w + 18. What is the units digit of w?
3
Let g be ((-64)/(-40))/(2/15). Let d = 19 - g. What is the units digit of d?
7
Let k(s) = -7*s**2 - s - 1. Let c be k(-1). What is the units digit of (-1642)/c + (-9)/(-21)?
5
Suppose -13*u = -6*u - 77. Suppose -47 + u = -4*v. What is the units digit of v?
9
Let w be (2/(-1 - -3))/((-4)/(-172)). Let a = w + 16. What is the units digit of a?
9
What is the hundreds digit of 2/(-14) - 79776/(-28)*1?
8
Suppose 5*t = -121 - 1159. What is the tens digit of (-2)/(-12)*-3*(t + -2)?
2
Let z(f) = 114*f**2 - f - 9. Let k be z(-3). Let l = k + -696. What is the units digit of l?
4
Let u = 954 - -948. What is the units digit of u?
2
Let x be 6/2 + (-285)/(-3). Suppose -4*d + 14 = -x. Suppose -5*c + d = -c. What is the units digit of c?
7
Let s be (-6)/(-2) + -1 + -19. Let l = s + 11. Let k = 10 - l. What is the units digit of k?
6
Let f = 71 + -43. What is the units digit of (f/4 + -2)*(-92)/(-10)?
6
Suppose 1478 = 2*i - 2*v, 0*i - 5*v = i - 715. What is the tens digit of i?
3
Suppose -4*k + 62 + 50 = 0. Let v be (-2)/9 + k/(-36). What is the units digit of 4*(2 - (v - -2))?
4
Let z(x) = -x - 6. Suppose 0 = 4*i + i. Let m be z(i). What is the tens digit of (-6 + m)/(4/(-10))?
3
Let i = 111 + 241. What is the units digit of i?
2
Suppose -34*b - 210 = -39*b. Let m = -8 + b. What is the tens digit of m?
3
Suppose 0 = 2*n - p - 2409, -1227 = 114*n - 115*n + 5*p. What is the tens digit of n?
0
Suppose 2*x = n - 15, 2*n - x = 6*n - 42. What is the units digit of (-1592)/(-44) + (-2)/n?
6
Let o(j) = 674*j**2 + 16*j + 11. What is the thousands digit of o(-2)?
2
Let d = 309 + 628. What is the units digit of d?
7
Let t(s) = 70 - 7*s + 2*s - s. What is the tens digit of t(-23)?
0
Let u = -345 - -354. What is the units digit of u?
9
Let o = 1429 - 2067. Let b = -395 - o. What is the hundreds digit of b?
2
Suppose -21*l + 13*l = -1984. What is the tens digit of l?
4
Let x = -109 + 116. Suppose -3*v = -5 - 16. What is the units digit of 335/x + v/49?
8
Let v = -107 - -216. Suppose -4*l - 27 = -n + v, 3*l - 588 = -5*n. What is the tens digit of n?
2
Let m(p) = 13*p**2 + 22*p + 60. What is the tens digit of m(-12)?
6
Suppose 3*v - 5561 = -5*r - 0*v, -r + 1117 = -v. What is the tens digit of r?
1
Let y = 2861 + -1199. What is the tens digit of y?
6
Suppose -5*n + 3*s + 7236 = 6*s, -5*n + s + 7228 = 0. What is the units digit of n?
6
Suppose 12 = -12*l + 9*l. Let d = -22 - -32. What is the units digit of (l + 1)*d/(-15)?
2
Let q be (-1)/(-1) - (3 + (69 - 1)). What is the tens digit of 26*((-63)/q)/((-3)/(-5))?
3
Suppose -5*n = -0*n + 200. Let r be ((-32)/n)/(4/(-30)). What is the units digit of (-39)/r + 2/(-4)?
6
Let q = 8 + -2. Let j(w) be the first derivative of -w**4/4 + 2*w**3 + 3*w**2/2 + 2*w - 6. What is the tens digit of j(q)?
2
Suppose k - 12 = -3*k. What is the units digit of ((-4)/k)/(14/(-966))?
2
Let f(m) = 125*m - 18. Let g be f(3). Suppose l = -2*q + 69, 4*l - 2*q = -l + g. What is the tens digit of l?
7
Suppose 0 = -m + 5*b + 62 + 206, -5*m - b = -1314. Suppose 0 = 5*d - m + 18. What is the tens digit of d?
4
Let q be (13 - 15) + 10 + 0. Suppose -4*l + q = -4. Suppose n + 68 = l*n. What is the tens digit of n?
3
Let c(n) = -19*n + 1. Suppose -3*j - 8 = 4. What is the units digit of c(j)?
7
Suppose 2*f + 30 = 38. Suppose 5*j - 2*x - 131 = 0, -j = -f*j + x + 78. What is the tens digit of j?
2
Suppose 37*c - 104970 = -9806. What is the hundreds digit of c?
5
Let z = 13 - 9. Suppose -r = 3*d - z + 8, 5*d + 14 = 2*r. Suppose 3*p - 5*l = 2*p + 1, 2*l = 2*p - r. What is the units digit of p?
1
Suppose 2*c + n - 127 = 0, -301 = -6*c + c + 3*n. What is the units digit of c?
2
Let o = -16 - -23. Let w(a) = -a**3 + 7*a**2 - 2*a + 19. Let h be w(o). What is the 